{"id":41,"date":"2025-05-01T15:58:06","date_gmt":"2025-05-01T12:58:06","guid":{"rendered":"https:\/\/aselteknikyapi.com.tr\/?page_id=41"},"modified":"2025-05-01T15:58:06","modified_gmt":"2025-05-01T12:58:06","slug":"insaat-taahhut","status":"publish","type":"page","link":"https:\/\/aselteknikyapi.com.tr\/index.php\/insaat-taahhut\/","title":{"rendered":"\u0130N\u015eAAT -TAAHH\u00dcT"},"content":{"rendered":"\n<figure class=\"wp-block-image size-large\"><img loading=\"lazy\" decoding=\"async\" width=\"1024\" height=\"959\" src=\"https:\/\/aselteknikyapi.com.tr\/wp-content\/uploads\/2025\/05\/mutehatlik-1024x959.jpg\" alt=\"\" class=\"wp-image-42\" srcset=\"https:\/\/aselteknikyapi.com.tr\/wp-content\/uploads\/2025\/05\/mutehatlik-1024x959.jpg 1024w, https:\/\/aselteknikyapi.com.tr\/wp-content\/uploads\/2025\/05\/mutehatlik-300x281.jpg 300w, https:\/\/aselteknikyapi.com.tr\/wp-content\/uploads\/2025\/05\/mutehatlik-768x719.jpg 768w, https:\/\/aselteknikyapi.com.tr\/wp-content\/uploads\/2025\/05\/mutehatlik-1536x1438.jpg 1536w, https:\/\/aselteknikyapi.com.tr\/wp-content\/uploads\/2025\/05\/mutehatlik.jpg 1632w\" sizes=\"auto, (max-width: 1024px) 100vw, 1024px\" \/><\/figure>\n","protected":false},"excerpt":{"rendered":"","protected":false},"author":1,"featured_media":0,"parent":0,"menu_order":0,"comment_status":"closed","ping_status":"closed","template":"","meta":{"footnotes":""},"class_list":["post-41","page","type-page","status-publish","hentry"],"_links":{"self":[{"href":"https:\/\/aselteknikyapi.com.tr\/index.php\/wp-json\/wp\/v2\/pages\/41","targetHints":{"allow":["GET"]}}],"collection":[{"href":"https:\/\/aselteknikyapi.com.tr\/index.php\/wp-json\/wp\/v2\/pages"}],"about":[{"href":"https:\/\/aselteknikyapi.com.tr\/index.php\/wp-json\/wp\/v2\/types\/page"}],"author":[{"embeddable":true,"href":"https:\/\/aselteknikyapi.com.tr\/index.php\/wp-json\/wp\/v2\/users\/1"}],"replies":[{"embeddable":true,"href":"https:\/\/aselteknikyapi.com.tr\/index.php\/wp-json\/wp\/v2\/comments?post=41"}],"version-history":[{"count":1,"href":"https:\/\/aselteknikyapi.com.tr\/index.php\/wp-json\/wp\/v2\/pages\/41\/revisions"}],"predecessor-version":[{"id":44,"href":"https:\/\/aselteknikyapi.com.tr\/index.php\/wp-json\/wp\/v2\/pages\/41\/revisions\/44"}],"wp:attachment":[{"href":"https:\/\/aselteknikyapi.com.tr\/index.php\/wp-json\/wp\/v2\/media?parent=41"}],"curies":[{"name":"wp","href":"https:\/\/api.w.org\/{rel}","templated":true}]}}