{"id":32,"date":"2025-05-01T15:51:23","date_gmt":"2025-05-01T12:51:23","guid":{"rendered":"https:\/\/aselteknikyapi.com.tr\/?page_id=32"},"modified":"2025-05-01T15:51:24","modified_gmt":"2025-05-01T12:51:24","slug":"ic-mimarlik","status":"publish","type":"page","link":"https:\/\/aselteknikyapi.com.tr\/index.php\/ic-mimarlik\/","title":{"rendered":"\u0130\u00c7 M\u0130MARLIK"},"content":{"rendered":"\n<figure class=\"wp-block-image size-large\"><img loading=\"lazy\" decoding=\"async\" width=\"765\" height=\"1024\" src=\"https:\/\/aselteknikyapi.com.tr\/wp-content\/uploads\/2025\/05\/dekorasyon-765x1024.jpg\" alt=\"\" class=\"wp-image-33\" srcset=\"https:\/\/aselteknikyapi.com.tr\/wp-content\/uploads\/2025\/05\/dekorasyon-765x1024.jpg 765w, https:\/\/aselteknikyapi.com.tr\/wp-content\/uploads\/2025\/05\/dekorasyon-224x300.jpg 224w, https:\/\/aselteknikyapi.com.tr\/wp-content\/uploads\/2025\/05\/dekorasyon-768x1028.jpg 768w, https:\/\/aselteknikyapi.com.tr\/wp-content\/uploads\/2025\/05\/dekorasyon-1147x1536.jpg 1147w, https:\/\/aselteknikyapi.com.tr\/wp-content\/uploads\/2025\/05\/dekorasyon-1530x2048.jpg 1530w, https:\/\/aselteknikyapi.com.tr\/wp-content\/uploads\/2025\/05\/dekorasyon.jpg 1772w\" sizes=\"auto, (max-width: 765px) 100vw, 765px\" \/><\/figure>\n","protected":false},"excerpt":{"rendered":"","protected":false},"author":1,"featured_media":0,"parent":0,"menu_order":0,"comment_status":"closed","ping_status":"closed","template":"","meta":{"footnotes":""},"class_list":["post-32","page","type-page","status-publish","hentry"],"_links":{"self":[{"href":"https:\/\/aselteknikyapi.com.tr\/index.php\/wp-json\/wp\/v2\/pages\/32","targetHints":{"allow":["GET"]}}],"collection":[{"href":"https:\/\/aselteknikyapi.com.tr\/index.php\/wp-json\/wp\/v2\/pages"}],"about":[{"href":"https:\/\/aselteknikyapi.com.tr\/index.php\/wp-json\/wp\/v2\/types\/page"}],"author":[{"embeddable":true,"href":"https:\/\/aselteknikyapi.com.tr\/index.php\/wp-json\/wp\/v2\/users\/1"}],"replies":[{"embeddable":true,"href":"https:\/\/aselteknikyapi.com.tr\/index.php\/wp-json\/wp\/v2\/comments?post=32"}],"version-history":[{"count":1,"href":"https:\/\/aselteknikyapi.com.tr\/index.php\/wp-json\/wp\/v2\/pages\/32\/revisions"}],"predecessor-version":[{"id":35,"href":"https:\/\/aselteknikyapi.com.tr\/index.php\/wp-json\/wp\/v2\/pages\/32\/revisions\/35"}],"wp:attachment":[{"href":"https:\/\/aselteknikyapi.com.tr\/index.php\/wp-json\/wp\/v2\/media?parent=32"}],"curies":[{"name":"wp","href":"https:\/\/api.w.org\/{rel}","templated":true}]}}